{"id":135,"date":"2019-08-11T09:49:25","date_gmt":"2019-08-11T09:49:25","guid":{"rendered":"https:\/\/weareone.saarland\/?page_id=135"},"modified":"2019-08-11T09:59:28","modified_gmt":"2019-08-11T09:59:28","slug":"spenden","status":"publish","type":"page","link":"https:\/\/weareone.saarland\/?page_id=135","title":{"rendered":"<font color=red>Spenden<\/font>"},"content":{"rendered":"<p>Ihr wollt einfach nur spenden?<\/p>\n<p>Sehr gerne. Wir freuen uns \u00fcber jeden Betrag.<\/p>\n<p>Unser Spendenkonto lautet:<\/p>\n<p>DE29 5945 0010 1030 4987 01<br \/>\nbei der Kreissparkasse Saarpfalz<\/p>\n<p>F\u00fcr Mitgliedsbeitr\u00e4ge oder um den Verein direkt zu unterst\u00fctzen:<\/p>\n<p>DE73 5945 0010 1030 4986 85<br \/>\nbei der Kreissparkasse Saarpfalz<\/p>\n<p>Im Betreff bitte den Namen oder die Firma angeben.<\/p>\n<p>bei Geldspenden bis 200,- \u20ac gilt ein vereinfachter Spendennachweis (der Bareinzahlungsbeleg reicht f\u00fcr die Zuwendungsbest\u00e4tigung aus), ansonsten stellen wir sehr gerne eine Spendenbescheinigung aus.<\/p>\n","protected":false},"excerpt":{"rendered":"<p>Ihr wollt einfach nur spenden? Sehr gerne. Wir freuen uns \u00fcber jeden Betrag. Unser Spendenkonto lautet: DE29 5945 0010 1030 4987 01 bei der Kreissparkasse Saarpfalz F\u00fcr Mitgliedsbeitr\u00e4ge oder um den Verein direkt zu unterst\u00fctzen: DE73 5945 0010 1030 4986 85 bei der Kreissparkasse Saarpfalz Im Betreff bitte den Namen oder die Firma angeben. bei<\/p>\n<div><a class=\"btn-filled btn\" href=\"https:\/\/weareone.saarland\/?page_id=135\" title=\"Spenden\">Weiterlesen<\/a><\/div>\n","protected":false},"author":6,"featured_media":0,"parent":0,"menu_order":0,"comment_status":"closed","ping_status":"closed","template":"","meta":{"footnotes":""},"class_list":["post-135","page","type-page","status-publish","hentry"],"jetpack_sharing_enabled":true,"_links":{"self":[{"href":"https:\/\/weareone.saarland\/index.php?rest_route=\/wp\/v2\/pages\/135","targetHints":{"allow":["GET"]}}],"collection":[{"href":"https:\/\/weareone.saarland\/index.php?rest_route=\/wp\/v2\/pages"}],"about":[{"href":"https:\/\/weareone.saarland\/index.php?rest_route=\/wp\/v2\/types\/page"}],"author":[{"embeddable":true,"href":"https:\/\/weareone.saarland\/index.php?rest_route=\/wp\/v2\/users\/6"}],"replies":[{"embeddable":true,"href":"https:\/\/weareone.saarland\/index.php?rest_route=%2Fwp%2Fv2%2Fcomments&post=135"}],"version-history":[{"count":4,"href":"https:\/\/weareone.saarland\/index.php?rest_route=\/wp\/v2\/pages\/135\/revisions"}],"predecessor-version":[{"id":140,"href":"https:\/\/weareone.saarland\/index.php?rest_route=\/wp\/v2\/pages\/135\/revisions\/140"}],"wp:attachment":[{"href":"https:\/\/weareone.saarland\/index.php?rest_route=%2Fwp%2Fv2%2Fmedia&parent=135"}],"curies":[{"name":"wp","href":"https:\/\/api.w.org\/{rel}","templated":true}]}}