{"id":84,"date":"2018-12-23T19:02:31","date_gmt":"2018-12-23T19:02:31","guid":{"rendered":"https:\/\/weareone.saarland\/?page_id=84"},"modified":"2018-12-23T19:06:21","modified_gmt":"2018-12-23T19:06:21","slug":"danke","status":"publish","type":"page","link":"https:\/\/weareone.saarland\/?page_id=84","title":{"rendered":"Danke"},"content":{"rendered":"<p><span class=\"_5mfr\"><span class=\"_6qdm\">&#x2744;&#xfe0f;<\/span><\/span><span class=\"_5mfr\"><span class=\"_6qdm\">&#x1f381;<\/span><\/span>&nbsp;Es war die Nacht vor Weihnachten&nbsp;<span class=\"_5mfr\"><span class=\"_6qdm\">&#x1f381;<\/span><\/span><span class=\"_5mfr\"><span class=\"_6qdm\">&#x2744;&#xfe0f;<\/span><\/span><\/p>\n<p>&#8230; das erste Jahr &#8222;We are One&#8220; ist fast vorbei &#8230;<\/p>\n<p>Es ist f\u00fcr mich pers\u00f6nlich Zeit, ein Fazit zu ziehen und vor allem&nbsp;<span class=\"text_exposed_show\">nochmal Danke zu sagen. Und grade hier f\u00e4ngt schon das Dilemma an.<\/span><\/p>\n<div class=\"text_exposed_show\">\n<p>Es haben so unglaublich viele Menschen diese Initiative und die Idee dahinter unterst\u00fctzt, das es absolut den Rahmen sprengen w\u00fcrde, jeden namentlich zu erw\u00e4hnen. Und mit Sicherheit w\u00fcrde ich jemanden vergessen, der sich hinter den Kulissen reingekniet hat. Ich denke, das kann jeder verstehen.<\/p>\n<p>Grad die flei\u00dfigen Helfer, die immerzu und unerm\u00fcdlich gewerkelt haben, Aktionen im Stillen gestartet haben und einfach immer dann da waren, als man sie am meisten gebraucht hat. Grad die Leisen im Hintergrund haben so unglaublich viel getan, das ich es mir nie verzeihen w\u00fcrde, jemanden zu vergessen.<\/p>\n<p>Wir haben in den vergangenen Wochen viel nach aussen getragen, sind sehr viel auf die aktuellsten Projekte eingegangen und damit vielleicht den Eindruck erweckt, das nur das Momentane wichtig ist.<\/p>\n<p>Doch dem ist nicht so! Alles ist wichtig&#8230;.jeder Beitrag z\u00e4hlt, wenn er von Herzen kommt&nbsp;<span class=\"_5mfr\"><span class=\"_6qdm\">&#x1f493;<\/span><\/span><\/p>\n<p>Wir haben im &#8222;year one&#8220; viel gelernt, viele Erfahrungen mitgenommen und werden daraus unsere Schl\u00fcsse und Lehren f\u00fcr die kommenden Jahre ziehen. Keiner war wirklich darauf vorbereitet, was diese Initiative in den Leuten ausl\u00f6sen kann und auch hat.<\/p>\n<p>Die kommenden Jahre? Ja, wir machen weiter&nbsp;<span class=\"_5mfr\"><span class=\"_6qdm\">&#x263a;&#xfe0f;<\/span><\/span><\/p>\n<p>Eigentlich sollte&nbsp;<a class=\"_58cn\" href=\"https:\/\/www.facebook.com\/hashtag\/weareone?source=feed_text&amp;epa=HASHTAG\" data-ft=\"{&quot;type&quot;:104,&quot;tn&quot;:&quot;*N&quot;}\"><span class=\"_5afx\"><span class=\"_58cl _5afz\" aria-label=\"Hashtag\">#<\/span><span class=\"_58cm\">weareone<\/span><\/span><\/a>&nbsp;nur eine einmalige Aktion werden, einmal die Fotoszene aufmischen und mit einer sch\u00f6nen Party enden&nbsp;<span class=\"_5mfr\"><span class=\"_6qdm\">&#x1f648;<\/span><\/span><\/p>\n<p>Da nicht alles so realisierbar war, wie wir es gerne h\u00e4tten, haben wir uns dazu entschlossen, weiter zu machen.<\/p>\n<p>We are One ist f\u00fcr mich und viele andere mehr als nur die Idee&#8230; mehr als nur Spenden sammeln&#8230;<\/p>\n<p>und wir werden weiterhin alles in unserer Macht stehende tun, um gemeinsam mit vielen Menschen Gutes zu tun.<\/p>\n<p>Aber einer Person m\u00f6chte ich in diesem Fall meinen pers\u00f6nlichen Dank aussprechen. Ohne die w\u00e4re all das nicht m\u00f6glich.<br \/>\nDieser Mensch hat immer alles m\u00f6gliche getan, um uns zu unterst\u00fctzen. Beitr\u00e4ge gelesen und geteilt, Veranstaltungen besucht, hat sich daf\u00fcr interessiert und war immer da, als man Hilfe gebraucht hat!<\/p>\n<p>Dieser Person sag ich von ganzem Herzen&#8230;..<\/p>\n<p>Danke&#8230;. Danke f\u00fcr alles !!!&nbsp;<span class=\"_5mfr\"><span class=\"_6qdm\">&#x2665;&#xfe0f;<\/span><\/span><\/p>\n<p><a href=\"https:\/\/www.facebook.com\/profile\" data-ft=\"{&quot;tn&quot;:&quot;-U&quot;}\">https:\/\/www.facebook.com\/profile<\/a><\/p>\n<\/div>\n","protected":false},"excerpt":{"rendered":"<p>&#x2744;&#xfe0f;&#x1f381;&nbsp;Es war die Nacht vor Weihnachten&nbsp;&#x1f381;&#x2744;&#xfe0f; &#8230; das erste Jahr &#8222;We are One&#8220; ist fast vorbei &#8230; Es ist f\u00fcr mich pers\u00f6nlich Zeit, ein Fazit zu ziehen und vor allem&nbsp;nochmal Danke zu sagen. Und grade hier f\u00e4ngt schon das Dilemma an. Es haben so unglaublich viele Menschen diese Initiative und die Idee dahinter unterst\u00fctzt, das<\/p>\n<div><a class=\"btn-filled btn\" href=\"https:\/\/weareone.saarland\/?page_id=84\" title=\"Danke\">Weiterlesen<\/a><\/div>\n","protected":false},"author":2,"featured_media":0,"parent":0,"menu_order":0,"comment_status":"closed","ping_status":"closed","template":"","meta":{"footnotes":""},"class_list":["post-84","page","type-page","status-publish","hentry"],"jetpack_sharing_enabled":true,"_links":{"self":[{"href":"https:\/\/weareone.saarland\/index.php?rest_route=\/wp\/v2\/pages\/84","targetHints":{"allow":["GET"]}}],"collection":[{"href":"https:\/\/weareone.saarland\/index.php?rest_route=\/wp\/v2\/pages"}],"about":[{"href":"https:\/\/weareone.saarland\/index.php?rest_route=\/wp\/v2\/types\/page"}],"author":[{"embeddable":true,"href":"https:\/\/weareone.saarland\/index.php?rest_route=\/wp\/v2\/users\/2"}],"replies":[{"embeddable":true,"href":"https:\/\/weareone.saarland\/index.php?rest_route=%2Fwp%2Fv2%2Fcomments&post=84"}],"version-history":[{"count":2,"href":"https:\/\/weareone.saarland\/index.php?rest_route=\/wp\/v2\/pages\/84\/revisions"}],"predecessor-version":[{"id":87,"href":"https:\/\/weareone.saarland\/index.php?rest_route=\/wp\/v2\/pages\/84\/revisions\/87"}],"wp:attachment":[{"href":"https:\/\/weareone.saarland\/index.php?rest_route=%2Fwp%2Fv2%2Fmedia&parent=84"}],"curies":[{"name":"wp","href":"https:\/\/api.w.org\/{rel}","templated":true}]}}

<p><span class="_5mfr"><span class="_6qdm">&#x2744;&#xfe0f;</span></span><span class="_5mfr"><span class="_6qdm">&#x1f381;</span></span>&nbsp;Es war die Nacht vor Weihnachten&nbsp;<span class="_5mfr"><span class="_6qdm">&#x1f381;</span></span><span class="_5mfr"><span class="_6qdm">&#x2744;&#xfe0f;</span></span></p>
<p>&#8230; das erste Jahr &#8222;We are One&#8220; ist fast vorbei &#8230;</p>
<p>Es ist für mich persönlich Zeit, ein Fazit zu ziehen und vor allem&nbsp;<span class="text_exposed_show">nochmal Danke zu sagen. Und grade hier fängt schon das Dilemma an.</span></p>
<div class="text_exposed_show">
<p>Es haben so unglaublich viele Menschen diese Initiative und die Idee dahinter unterstützt, das es absolut den Rahmen sprengen würde, jeden namentlich zu erwähnen. Und mit Sicherheit würde ich jemanden vergessen, der sich hinter den Kulissen reingekniet hat. Ich denke, das kann jeder verstehen.</p>
<p>Grad die fleißigen Helfer, die immerzu und unermüdlich gewerkelt haben, Aktionen im Stillen gestartet haben und einfach immer dann da waren, als man sie am meisten gebraucht hat. Grad die Leisen im Hintergrund haben so unglaublich viel getan, das ich es mir nie verzeihen würde, jemanden zu vergessen.</p>
<p>Wir haben in den vergangenen Wochen viel nach aussen getragen, sind sehr viel auf die aktuellsten Projekte eingegangen und damit vielleicht den Eindruck erweckt, das nur das Momentane wichtig ist.</p>
<p>Doch dem ist nicht so! Alles ist wichtig&#8230;.jeder Beitrag zählt, wenn er von Herzen kommt&nbsp;<span class="_5mfr"><span class="_6qdm">&#x1f493;</span></span></p>
<p>Wir haben im &#8222;year one&#8220; viel gelernt, viele Erfahrungen mitgenommen und werden daraus unsere Schlüsse und Lehren für die kommenden Jahre ziehen. Keiner war wirklich darauf vorbereitet, was diese Initiative in den Leuten auslösen kann und auch hat.</p>
<p>Die kommenden Jahre? Ja, wir machen weiter&nbsp;<span class="_5mfr"><span class="_6qdm">&#x263a;&#xfe0f;</span></span></p>
<p>Eigentlich sollte&nbsp;<a class="_58cn" href="https://www.facebook.com/hashtag/weareone?source=feed_text&amp;epa=HASHTAG" data-ft="{&quot;type&quot;:104,&quot;tn&quot;:&quot;*N&quot;}"><span class="_5afx"><span class="_58cl _5afz" aria-label="Hashtag">#</span><span class="_58cm">weareone</span></span></a>&nbsp;nur eine einmalige Aktion werden, einmal die Fotoszene aufmischen und mit einer schönen Party enden&nbsp;<span class="_5mfr"><span class="_6qdm">&#x1f648;</span></span></p>
<p>Da nicht alles so realisierbar war, wie wir es gerne hätten, haben wir uns dazu entschlossen, weiter zu machen.</p>
<p>We are One ist für mich und viele andere mehr als nur die Idee&#8230; mehr als nur Spenden sammeln&#8230;</p>
<p>und wir werden weiterhin alles in unserer Macht stehende tun, um gemeinsam mit vielen Menschen Gutes zu tun.</p>
<p>Aber einer Person möchte ich in diesem Fall meinen persönlichen Dank aussprechen. Ohne die wäre all das nicht möglich.<br />
Dieser Mensch hat immer alles mögliche getan, um uns zu unterstützen. Beiträge gelesen und geteilt, Veranstaltungen besucht, hat sich dafür interessiert und war immer da, als man Hilfe gebraucht hat!</p>
<p>Dieser Person sag ich von ganzem Herzen&#8230;..</p>
<p>Danke&#8230;. Danke für alles !!!&nbsp;<span class="_5mfr"><span class="_6qdm">&#x2665;&#xfe0f;</span></span></p>
<p><a href="https://www.facebook.com/profile" data-ft="{&quot;tn&quot;:&quot;-U&quot;}">https://www.facebook.com/profile</a></p>
</div>

<p>&#x2744;&#xfe0f;&#x1f381;&nbsp;Es war die Nacht vor Weihnachten&nbsp;&#x1f381;&#x2744;&#xfe0f; &#8230; das erste Jahr &#8222;We are One&#8220; ist fast vorbei &#8230; Es ist für mich persönlich Zeit, ein Fazit zu ziehen und vor allem&nbsp;nochmal Danke zu sagen. Und grade hier fängt schon das Dilemma an. Es haben so unglaublich viele Menschen diese Initiative und die Idee dahinter unterstützt, das</p>
<div><a class="btn-filled btn" href="https://weareone.saarland/?page_id=84" title="Danke">Weiterlesen</a></div>
